 3. What is c(2)?
11
Let x(c) = 2*c - 2. Determine x(-2).
-6
Let x(p) = p**3 + 6*p**2 - 82*p - 519. Calculate x(-7).
6
Let s(x) = x**3 - 10*x**2 - 6*x + 7. Determine s(11).
62
Let b(x) = 87*x - 693. Determine b(8).
3
Let x(s) = 12*s - 61. What is x(3)?
-25
Let n(j) = -j**2 + 5*j + 10. What is n(-4)?
-26
Let m(h) = -h - 6. Determine m(-12).
6
Let c(v) = 6*v + 60. Give c(-10).
0
Let a(v) = v**3 - 12*v**2 + 29*v - 13. Give a(9).
5
Let t(o) = o**3 + o**2 - 2*o - 7. Determine t(0).
-7
Let v(y) = 44*y**2 + y + 1. What is v(-1)?
44
Let o(x) = -20*x + 247. Determine o(12).
7
Let i(k) = 18*k - 54. What is i(3)?
0
Let l(i) = -4*i**2 + i + 7. Determine l(-2).
-11
Let h(t) = t**3 + 8*t**2 - 8*t - 1. What is h(-9)?
-10
Let z(x) = -2*x. What is z(-13)?
26
Let o(q) = -q**3 - 11*q**2 - 5*q + 46. Calculate o(-10).
-4
Let y(u) = u**2 - 8*u - 1. Give y(6).
-13
Let b(h) = h - 39. Determine b(0).
-39
Let z(p) = -p**3 + 29*p**2 - 27*p - 45. Determine z(28).
-17
Let g(d) = d**2 - 13*d + 16. What is g(12)?
4
Let n(u) = 16*u**2 + 2*u + 3. Give n(0).
3
Let v(m) = m**3 - 3*m**2 - 28*m - 4. Give v(7).
-4
Let v(u) = -u**3 + 11*u**2 - 13*u + 8. Give v(10).
-22
Let i(r) = -7*r - 23. Determine i(-4).
5
Let p(f) = 2*f**2 - 34*f + 106. Calculate p(4).
2
Let r(d) = d**2 - 22*d + 44. Determine r(20).
4
Let x(b) = -4*b + 24. Give x(17).
-44
Let w(t) = -t**3 + 7*t**2 + t - 21. Calculate w(7).
-14
Let h(x) = -37*x**2 + 1. What is h(1)?
-36
Let n(s) = 29*s - 141. Give n(5).
4
Let r(u) = -u**3 - 12*u**2 + 9*u + 7. Give r(-13).
59
Let z(y) = 5*y + 23. Give z(-7).
-12
Let k(s) = -s - 22. What is k(-11)?
-11
Let m(s) = 7*s - 18. What is m(6)?
24
Let n(o) = -2*o**3 - 18*o**2 + 8. Give n(-9).
8
Let q(f) = f**2 + 18*f - 18. Calculate q(-15).
-63
Let d(z) = z**2 - 12*z + 12. Determine d(9).
-15
Let y(j) = -7*j + 58. Give y(9).
-5
Let p(u) = 4*u - 8. Calculate p(2).
0
Let i(h) = 4*h**2 + h. Calculate i(1).
5
Let p(v) = 2*v**3 - 5*v**2 - 35*v + 93. Give p(3).
-3
Let r(x) = -2*x**2 + 48*x + 12. Give r(25).
-38
Let b(v) = -2*v**3 - 22*v**2 + 4*v + 48. Determine b(-11).
4
Let m(k) = -k**2 + 6*k - 10. Determine m(4).
-2
Let l(c) = -3*c**2 - 8*c - 4. What is l(-6)?
-64
Let k(t) = t + 1. Determine k(3).
4
Let f(v) = v**3 - 8*v**2 + 5*v - 5. Give f(7).
-19
Let d(z) = -z. Determine d(8).
-8
Let u(y) = -y**2 - 2*y - 1. What is u(-4)?
-9
Let j(t) = -22*t + 43. Give j(4).
-45
Let f(q) = -q**3 + 14*q**2 - 23*q + 20. What is f(12)?
32
Let r(u) = -7*u - 30. Give r(-10).
40
Let x(d) = 2*d - 3. Give x(-2).
-7
Let o(x) = x**2 + x + 3. Calculate o(-2).
5
Let w(u) = 2*u**3 + 13*u**2 + 6*u - 8. What is w(-6)?
-8
Let v(p) = 8*p + 5. Determine v(2).
21
Let r(z) = z**2 - 16*z + 3. Calculate r(17).
20
Let p(z) = -2*z**3 - 3*z**2 + 9*z - 5. Determine p(2).
-15
Let c(m) = -2*m - 9. Calculate c(-9).
9
Let g(n) = 5*n - 26. Calculate g(6).
4
Let k(v) = -v**2 + 6*v - 4. Determine k(5).
1
Let b(n) = 2*n**3 - 2*n**2 + 5*n - 4. Give b(3).
47
Let o(s) = -4*s**2 + 11*s - 19. Give o(2).
-13
Let h(t) = -t**3 + 27*t**2 + 27*t + 39. Determine h(28).
11
Let u(y) = -y**3 + 13*y**2 - 17*y + 13. Give u(11).
68
Let x(z) = -z + 3. Calculate x(-9).
12
Let o(h) = -h - 5. Determine o(-9).
4
Let s(j) = j**2 + 6*j + 10. Determine s(-6).
10
Let c(j) = -5*j - 2. Give c(-3).
13
Let m(l) = 2*l**2 + 15*l - 21. Give m(-9).
6
Let b(d) = -6*d**3 + d**2 + 4*d + 5. Determine b(-2).
49
Let s(o) = -o**3 - 8*o**2 - 9*o - 24. Give s(-7).
-10
Let r(i) = -5*i**2 + 19*i + 3. What is r(4)?
-1
Let j(b) = b**2 - 8*b - 26. Determine j(11).
7
Let y(b) = b**3 - 21*b**2 + 13*b - 11. Determine y(20).
-151
Let c(f) = f**3 + 13*f**2 - f + 8. What is c(-13)?
21
Let j(z) = z**3 + 3*z**2 - 9*z + 6. Determine j(-5).
1
Let f(j) = -33*j - 240. What is f(-7)?
-9
Let k(t) = -t + 31. What is k(17)?
14
Let v(s) = -13*s + 2. Give v(-9).
119
Let l(p) = 5*p + 26. Give l(-6).
-4
Let f(o) = -o - 17. Determine f(-9).
-8
Let l(n) = -8*n - 163. Give l(-16).
-35
Let o(k) = 2*k**3 - 7*k**2 + 9*k - 10. Determine o(4).
42
Let h(l) = 2*l**2 - 4*l + 12. What is h(5)?
42
Let n(i) = -i + 10. Calculate n(17).
-7
Let x(v) = v**2 + 7. Determine x(0).
7
Let q(u) = -u**3 - 18*u**2 + 22*u + 37. What is q(-19)?
-20
Let a(h) = -h**3 - 13*h**2 - 15*h + 11. What is a(-12)?
47
Let u(x) = 5*x + 113. What is u(-22)?
3
Let p(y) = -15*y**2 + y - 1. Calculate p(1).
-15
Let w(s) = -s**3 - 9*s**2 - 10*s + 5. What is w(-8)?
21
Let g(m) = -2*m**3 + 2*m**2 + 3*m. What is g(-2)?
18
Let v(c) = -4*c + 59. What is v(19)?
-17
Let v(f) = 6*f**2 - 48*f + 8. Give v(8).
8
Let q(i) = -2*i**3 + 2*i**2 - 3*i - 3. Calculate q(2).
-17
Let g(h) = h**2 - 4*h + 6. Calculate g(5).
11
Let f(i) = i - 10. Calculate f(1).
-9
Let c(u) = 2*u - 7. Give c(8).
9
Let x(k) = -4*k + 15. Give x(3).
3
Let y(a) = -40*a - 74. Give y(-2).
6
Let s(j) = j**3 - 9*j**2 - 5*j + 107. Give s(8).
3
Let q(w) = -w**2 + 4*w - 1. Determine q(3).
2
Let x(t) = -t**2 + 4*t + 14. Give x(6).
2
Let r(l) = -2*l**3 - 66*l**2 - 2*l - 45. Give r(-33).
21
Let s(f) = 3*f**2 - 6*f - 2. Determine s(5).
43
Let h(k) = -23*k - 1. Calculate h(-1).
22
Let t(s) = 2*s**3 - 40*s**2 + 103*s - 12. Give t(17).
5
Let a(q) = -12*q - 56. Give a(-4).
-8
Let b(t) = -t**2 - 5*t + 1. Determine b(-6).
-5
Let o(c) = -2*c**2 - 2*c - 3. Determine o(-1).
-3
Let c(w) = w**3 + 4*w**2 - 8*w - 2. Give c(-6).
-26
Let d(v) = -v**3 + 7*v**2 + 10*v - 6. Determine d(8).
10
Let x(h) = -49*h + 387. Calculate x(8).
-5
Let p(j) = -j**2 + 3*j + 3. Determine p(-2).
-7
Let l(i) = i**3 + 7*i**2 + 5*i. Calculate l(-6).
6
Let a(w) = -9*w**2 - 8*w + 10. Calculate a(5).
-255
Let n(g) = 2*g - 3. Give n(2).
1
Let k(y) = -y**2 - 2*y + 1. What is k(-7)?
-34
Let t(n) = -n**3 + 3*n**2 + n - 10. Calculate t(3).
-7
Let t(x) = -2*x + 6. Calculate t(4).
-2
Let m(r) = 144*r - 5. Determine m(-1).
-149
Let t(r) = -r**3 - 12*r**2 - 35*r + 5. Determine t(-7).
5
Let p(k) = -46*k**3 + 4*k - 5. Give p(1).
-47
Let s(y) = -12*y + 19. Determine s(0).
19
Let h(w) = -w**3 + 6*w**2 + 3*w + 16. Determine h(7).
-12
Let i(k) = -k**3 + 10*k**2 - 21*k + 35. Determine i(8).
-5
Let t(g) = -16*g + 45. Determine t(3).
-3
Let k(o) = -o**2 - 2*o + 7. Determine k(5).
-28
Let h(k) = k**3 - 59*k**2 + 109*k + 281. Calculate h(57).
-4
Let f(q) = -9*q**3 + 2*q**2 - 3*q + 2. Determine f(1).
-8
Let c(f) = -f**2 + 4*f + 1. Determine c(12).
-95
Let q(m) = -m**3 + 8*m - 1. Calculate q(2).
7
Let s(w) = -w**2 + 4*w + 10. What is s(-2)?
-2
Let b(z) = -z**2 - 11*z + 11. Calculate b(-12).
-1
Let d(w) = 15*w - 115. What is d(8)?
5
Let c(u) = 2*u**3 - 2*u**2 + 1. Determine c(2).
9
Let l(y) = y**3 - 14*y**2 - 2*y + 27. Give l(14).
-1
Let y(h) = -h**3 + 2*h**2 + 2*h - 7. Give y(4).
-31
Let l(x) = 41*x - 165. Calculate l(4).
-1
Let h(k) = -k**2 + 8. Calculate h(0).
8
Let o(y) = 2*y**3 + 10*y**2 + 3*y + 5. Determine o(-5).
-10
Let h(c) = -c**2 + 2*c + 41. Give h(-5).
6
Let w(c) = 2*c**2 - 2*c + 2. What is w(2)?
6
Let w(h) = h**3 + 11*h**2 - h + 3. What is w(-11)?
14
Let b(l) = 2*l**2 + 5*l. Give b(-6).
42
Let q(s) = s**2 + 5*s - 3. What is q(0)?
-3
Let i(u) = -u + 5. Give i(5).
0
Let h(v) = -v**3 - 10*v**2 - 14*v - 43. What is h(-9)?
2
Let r(l) = -l**2 + 5*l - 3. What is r(5)?
-3
Let m(f) = -f**3 + 14*f**2 + 27. Determine m(14).
27
Let o(k) = -3*k**3 + 3*k**2 - 2*k + 3. Calculate o(2).
-13
Let l(m) = 4*m**2 - 4*m + 7. Calculate l(3).
31
Let x(d) = -54*d - 3. Calculate x(-1).
51
Let c(s) = s**2 - 22*s + 109. Determine c(12).
-11
Let c(y) = 2*y**2 + 20*y - 35. Determine c(-11).
-13
Let b(s) = 3*s**3 + 2*s**2 - 2*s + 18. Give b(0).
18
Let t(b) = b**2 - b - 10. Determine t(7).
32
Let h(a) = a**2 - a - 6. What is h(0)?
-6
Let l(q) = -q**3 + q**2 + 9*q + 2. What is l(3)?
11
Let d(p) = p**3 - 8*p**2 + 6*p - 1. Calculate d(6).
-37
Let y(q) = q**2 + 4*q - 10. Calculate y(-7).
11
Let l(t) = 12*t - 51. Calculate l(5).
9
Let q(p) = -p**3 - 4*p**2 - 2*p - 11. Calculate q(-4).
-3
Let y(n) = n**3 - 6*n**2 + 8*n - 8. Give y(4).
-8
Let h(s) = 12*s**2 + 2*s + 2. What is h(-1)?
12
Let g(b) = -b + 12. Calculate g(15).
-3
Let v(t) = t**2 - 2. Calculate v(-3).
7
Let n(o) = 2*o - 21. Give n(6).
-9
Let w(p) = 23*p - 1. What is w(1)?
22
Let y(n) = n + 2. Give y(0).
2
Let f(o) = -11*o - 58. Give f(-5).
-3
Let k(a) = a**2 + 5*a - 17. Determine k(-8).
7
Let w(c) = -c**3 - 7*c**2 + 47*c + 1. Dete